, 5*h + 5*t = 40. Determine q(h).
-14
Suppose s = 5*s - 16. Let b(y) = y**2 - 4*y + 3. What is b(s)?
3
Let p(y) be the second derivative of -y**4/12 + y**3/6 - y**2 - 11*y. Give p(3).
-8
Let n(w) = 9*w - w**3 - 5*w**2 - w + 9 - 2. Calculate n(-6).
-5
Let z = -5 - -10. Let j(a) = -a**2 + 13*a**2 - z*a**2. Calculate j(-1).
7
Suppose 4*v + 1 = -2*s + 3, 19 = 3*v - 2*s. Let p(c) = -c**2 + 6*c. What is p(v)?
9
Let h(q) = -q**3 - 7*q**2 - 3*q + 2. Suppose y + 5 = -1. What is h(y)?
-16
Let h(a) = 10*a**2 - 6*a + 5. Let r(y) = -11*y**2 + 7*y - 6. Let k(s) = -5*h(s) - 4*r(s). Calculate k(1).
-5
Let l be 2/5 + 138/30. Let d(i) = -i + 2. Give d(l).
-3
Let r be 28/5 - 2/(-5). Let z(o) = o + r - 3*o + 3*o. Give z(-5).
1
Let p(t) = t**3 + 2*t**2 - 3*t + 3. Suppose 32 = -4*d - 4*m, 3*d - 2*m = 2*d + 4. Calculate p(d).
-17
Let q(d) be the third derivative of d**4/12 - d**3/2 - 3*d**2. Suppose 2*n - 3 = -23. Let s be ((-6)/(-10))/((-2)/n). Calculate q(s).
3
Let o(r) be the second derivative of r**3/6 + 3*r**2/2 + 9*r. Calculate o(6).
9
Suppose -4*f = -0*f. Let j(i) = -i**3 - i**2 + i + 1. Let s(t) = -2*t**3 - 2*t**2 + 3*t - 7. Let d(m) = 3*j(m) - s(m). Determine d(f).
10
Let b(y) = -2*y + 5. Let n(a) = 2*a - 4. Let l(o) = 2*b(o) + 3*n(o). Let u(k) = k**3 + 3*k**2 + 2. Let j be u(-3). Determine l(j).
2
Suppose 4*h + 5*b + 2 = 20, 0 = -h - 5*b - 3. Let y be 2/h + (-66)/(-14). Let r(i) = -i**2 + 3 - y*i + i**3 - i - i**2 + 3*i. Determine r(3).
3
Let p be ((-2)/5)/(-1 + (-18)/(-15)). Let t(c) = -5*c**3 + 3*c**2 - 2*c + 4. Let b(m) = -m**3 + m**2 - m + 1. Let g(h) = 4*b(h) - t(h). What is g(p)?
0
Let o = -3 + 6. Suppose o*i + 0*i = 12. Let a(u) = u**2 + 5 + u - 3 - i*u**2 + 2*u**2. What is a(-2)?
-4
Let r = 8 - 5. Let f(j) be the second derivative of j**2 - 2*j + 1/6*j**4 + 0 - 2/3*j**3. Calculate f(r).
8
Suppose 4*j = -5 - 3. Let p(q) = -6*q**3 + 3*q**2 - 7*q - 7. Let k(c) = -5*c**3 + 2*c**2 - 6*c - 6. Let b(n) = 5*k(n) - 4*p(n). Calculate b(j).
2
Let g(j) be the third derivative of -2/3*j**3 + 0 - 3*j**2 - 1/120*j**6 - 1/20*j**5 - 1/8*j**4 + 0*j. Calculate g(-3).
5
Let i = -8 - -13. Let x(n) = n - i + 10 - 2*n. Give x(0).
5
Let p(t) = t**2 + t - 8. Suppose 0 = -3*u + 3, 2*m + 4*u - 2 = 2*u. Determine p(m).
-8
Suppose 0 = 4*c + 6 - 14. Suppose 0*v + 3*m = -3*v + 9, 3*v = c*m - 11. Let o = v - -2. Let b(h) = -h**2 - 2*h + 1. Calculate b(o).
-2
Let q(b) = 21*b - 41. Let g(f) = -4*f + 8. Let k(o) = 11*g(o) + 2*q(o). What is k(5)?
-4
Suppose -2*r + 18 = 4*k, 2*r - 4*r + 11 = 3*k. Suppose -k*o = -6*o. Let t(n) = -n**2 + 7. Calculate t(o).
7
Let l be 102/18 - 2/3. Let a(r) = 4*r - 2*r - 2*r + r - l. What is a(4)?
-1
Let s(c) = 4 + 2 - 2*c + c - 3. Let i be s(-9). Let o(u) = -2 + 17*u + i - 18*u. Calculate o(5).
5
Suppose -4*s = -5*q - 26, -3*q + 6 = 2*s - 2*q. Let l(m) = m - 3. Calculate l(s).
1
Let a(m) = 4*m + 3. Suppose -3 + 1 = f. Give a(f).
-5
Let u(k) = -6 + k - 2 + 3 + 4. What is u(-7)?
-8
Let h(v) = 2*v**3 + 2*v**2 - 1. Let c be h(1). Let y(g) = -2*g + 5 - 4*g**2 + c*g**2 - g + 2. Give y(-5).
-3
Let l(b) = b**2 - 3*b - 5. Let z(f) = -f**2 - f + 5. Let w be z(0). Determine l(w).
5
Let d(a) = 10*a**3 - 19*a**2 - 16*a + 10. Let l(f) = -3*f**3 + 6*f**2 + 5*f - 3. Let z(k) = -2*d(k) - 7*l(k). Give z(5).
11
Let c(g) = g + 3 + 1 - 2. Let u = -18 + 14. What is c(u)?
-2
Let j(u) = 4*u - 7. Let a(v) = 13*v - 21. Let y(d) = -8*d**3 - d**2 + d + 1. Let f be y(-1). Let m(k) = f*j(k) - 2*a(k). What is m(5)?
3
Suppose 8 = -4*r - 20. Let l(s) = s**3 + 8*s**2 + 7*s - 3. Let w be l(r). Let o(n) = -2*n + 13. Let c(z) = -z + 1. Let p(d) = w*c(d) + o(d). What is p(-5)?
5
Let x(q) be the first derivative of q**2 - 5*q + 2. Let p be x(5). Let v(r) = r**2 - 7*r - 1. What is v(p)?
-11
Let j(g) = 3*g**3 + 5*g**2 - g - 4. Let t(w) = -7*w**3 - 11*w**2 + 3*w + 9. Let r(p) = -5*j(p) - 2*t(p). What is r(-2)?
0
Let d(v) = -v**3 + 3*v**2 + 6*v - 4. Let y be 2/(1 - (-5)/(-10)). Calculate d(y).
4
Suppose -2 = i + 2. Let z(p) = p**2 + 4*p. Determine z(i).
0
Suppose -5*k = -k. Let n(c) = c - 1. Calculate n(k).
-1
Let x be (-32)/(-18) + (-4)/(-18). Suppose -x*o + 3*o - 5 = 0. Let u(r) = 3*r - 6. Let w(n) = -n + 1. Let z(b) = u(b) + 2*w(b). Determine z(o).
1
Suppose -2*d + 7*d = 30. Let w(x) = x**3 - 6*x**2 + x + 7. What is w(d)?
13
Suppose -5*z + 16*z - 11 = 0. Let i(k) = -6*k**3 + 2*k**2 - 2*k + 1. Calculate i(z).
-5
Let z(j) = j**3 - 9*j**2 - 3*j + 12. Let b = 25 + -16. Calculate z(b).
-15
Let z(q) = -4*q + 5*q - 1 + 3*q**2 + q**2 + q. Suppose -s - 3 = -3*r + 2, -6 = -2*s - 2*r. Determine z(s).
5
Suppose -5 = 4*h + r, 4*r = 4*h + h + 1. Let f be 4 - ((3 - 0) + h). Let u(b) = -b**3 + 2*b**2 - 2*b. Determine u(f).
-4
Suppose 3*h = 5*h - 6. Let v(n) be the second derivative of -n**3/3 - 3*n**2/2 + 2*n - 6. Determine v(h).
-9
Let v(r) = -r. Let h(u) = -8*u - 2. Let q(k) = -h(k) + 3*v(k). Determine q(-2).
-8
Let g(d) = d**2 + 3*d - 6. Let y be 5/((-65)/63) + 2/(-13). Calculate g(y).
4
Let z(y) = y + 7. Let q be z(-5). Let o(s) = s**3 - 1. Determine o(q).
7
Let t(z) = -z**2 + 4. Let h(j) be the second derivative of -j**3/6 + 4*j**2 + j. Let v be ((-33)/9)/(4/(-12)). Let f be h(v). Determine t(f).
-5
Suppose 0*i - 30 = -6*i. Let x(v) = -v**3 + 7*v**2 - 7*v. What is x(i)?
15
Suppose 1 = b + 3*s, -5*b = -0*b - 2*s - 5. Let j(c) be the first derivative of -11*c**3/3 - 1. Give j(b).
-11
Let l = 10 - 15. Let c be -4 + -4 + (-2 - l). Let t(x) = x. Determine t(c).
-5
Let q(r) = r**3 + 4*r**2 + 2*r + 2. Suppose -5*m = 2*k - m - 4, 4*m = -3*k. What is q(k)?
-6
Let r(n) = -n + 1 + 2*n**2 + 4*n**2 + 2*n**2 + 0*n. Calculate r(1).
8
Let w(l) = -4*l**2 + 5*l - 2. Let b(u) = -13*u**2 + 16*u - 6. Let q(k) = 2*b(k) - 7*w(k). What is q(4)?
22
Let i be (16/10)/((-18)/(-45)). Let d(h) = -3*h**3 + h**2 + 5*h + 2. Let j(m) = 13*m**3 - 3*m**2 - 20*m - 9. Let a(f) = 9*d(f) + 2*j(f). Give a(i).
4
Let q(m) be the first derivative of -5*m**3/6 - 3*m - 2. Let g(b) be the first derivative of q(b). Give g(-2).
10
Suppose -2*x = 2*x. Suppose x*a - 2*a - 4*h = 8, 5*a + 3*h = 1. Let b(u) = u**2 + 0*u**a - 2*u - 3 - 1. Determine b(4).
4
Let s(q) be the third derivative of -q**2 + 1/6*q**4 + 0*q - 1/3*q**3 - 1/15*q**5 + 1/120*q**6 + 0. Determine s(2).
-2
Let z = 0 - -4. Let n(r) = -10*r**3 + 15*r**2 - 11*r - 1. Let y(d) = -3*d**3 + 5*d**2 - 4*d. Let s(g) = -2*n(g) + 7*y(g). Give s(z).
-6
Let u be (-1 + (2 - 1))/2. Let b(x) = -x - 6 + 4*x**2 + u*x + x**3 - x. Give b(-4).
2
Let x(g) = -5*g - 2*g**3 + 4 - 6*g**3 + g + 7*g**3 + 7*g**2. Give x(6).
16
Let t(b) = -6*b**2 + 4*b - 2. Let j(l) = 3*l**2 - 2*l + 1. Let g(u) = -5*j(u) - 3*t(u). Let s be ((-2)/(-4))/(1/(-4)). Let k = -1 - s. Give g(k).
2
Let z(m) = m**2 + 5*m + 4. Let a(j) = -3*j - 4 + 2 + 2*j. Let n be a(3). Give z(n).
4
Suppose -z = -2*k + 11, 0 = 3*k + 3*z - 0*z + 6. Let a(g) be the third derivative of 0 - 1/2*g**3 + 0*g - 1/24*g**4 - g**2 + 1/60*g**5. What is a(k)?
3
Let b(s) = -s**3 + 4*s**2 + 2*s + 1. Let n(v) = -v**3 + 2*v**2 + 5*v - 2. Suppose 5*m + 2*o + 7 = 6*m, o = m - 5. Let w be n(m). Determine b(w).
9
Let h be -2 - 1/(2/(-12)). Let r = h - 1. Suppose 4 = -r*l + 7. Let v(k) = 4*k**3 - 2*k**2 + 2*k - 1. Calculate v(l).
3
Suppose -4*l + 2 = -4*p - 10, -l = -2*p - 4. Let w(k) be the second derivative of -2*k - 1/6*k**3 + 3*k**l + 0. Determine w(4).
2
Let c(x) = -x**3 + 3*x**2 + 3. Let u be c(3). Let b(d) = d**2 + 4*d + 2. Let i(t) = t**2 + 8*t + 3. Let m(s) = 5*b(s) - 3*i(s). Give m(u).
7
Let c(x) = -x**3 - 5*x**2 + 2*x + 5. Suppose 3*d = -2 + 53. Suppose 3*j + j = -4*g - 24, 3*j = 4*g + d. Calculate c(g).
-5
Let u(y) = -y**3 - 5*y**2 + 6*y - 6. Let m be u(-6). Let v(h) = -3*h + 3. Calculate v(m).
21
Let l(t) = -t**2 + 6*t - 4. Suppose 41*j - 46*j + 20 = 0. What is l(j)?
4
Let l(t) = 2*t**2 - 7*t + 3. Suppose -50 = 15*h - 25*h. What is l(h)?
18
Let j(q) be the second derivative of -7*q**5/20 + q**4/6 - q**3/6 + 19*q. Suppose 5 - 13 = -2*y. Let x = 5 - y. Give j(x).
-6
Let z(l) = 3*l + 3. Suppose 5*w + 0*w = -35. Calculate z(w).
-18
Let p be 8/2 - (9 - 2). Let r(k) = -k - 3. Calculate r(p).
0
Let c(f) be the first derivative of f + 5 - 1/2*f**2. Calculate c(2).
-1
Suppose 0 = -s - 0 + 2. Let l(x) = 5*x - x**2 - 3 + s*x**2 + 3. What is l(-4)?
-4
Let k(s) = 5*s**3 - 5*s**3 